{"id":892,"date":"2019-10-16T08:34:30","date_gmt":"2019-10-16T12:34:30","guid":{"rendered":"https:\/\/anmpe.cl\/?page_id=892"},"modified":"2025-05-22T00:35:02","modified_gmt":"2025-05-22T04:35:02","slug":"premio-lenka-franulic","status":"publish","type":"page","link":"https:\/\/anmpe.cl\/index.php\/premio-lenka-franulic\/","title":{"rendered":"Lista Premio Lenka Franulic"},"content":{"rendered":"\n<p><strong>LISTA DE PERIODISTAS PREMIADAS<\/strong><strong>: <\/strong><\/p>\n\n\n\n<ul class=\"wp-block-list\">\n<li>1963 Raquel Correa Prats<\/li>\n\n\n\n<li>1964 Blanca Tejos Mu\u00f1oz<\/li>\n\n\n\n<li>1965 Mar\u00eda Eugenia Oyarz\u00fan<\/li>\n\n\n\n<li>1966 Yolanda Ross Barbieri<\/li>\n\n\n\n<li>1967 Irene Bluthenthal Geis<\/li>\n\n\n\n<li>1968 Erika Vexler y C. Machado<\/li>\n\n\n\n<li>1969 Silvia Pinto Torres<\/li>\n\n\n\n<li>1970 Lucia Gevert Parada<\/li>\n\n\n\n<li>1971 Patricia Guzman Jofre<\/li>\n\n\n\n<li>1972 Mar\u00eda Romero Cordero<\/li>\n\n\n\n<li>1973 Gilda Gonz\u00e1lez Valenzuela<\/li>\n\n\n\n<li>1974 Luisa Lara Armijo<\/li>\n\n\n\n<li>1975 Olga Balmaceda Vald\u00e9s<\/li>\n\n\n\n<li>1976 Carmen Merino Wilson<\/li>\n\n\n\n<li>1977 Rosa Robinovitch Castro<\/li>\n\n\n\n<li>1978 Teresa Donoso Loero<\/li>\n\n\n\n<li>1979 Gloria Urg\u00fcelles Villar<\/li>\n\n\n\n<li>1980 Yolanda Montecinos Pineda<\/li>\n\n\n\n<li>1981 Marta Olivos Marchant<\/li>\n\n\n\n<li>1982 In\u00e9s Mar\u00eda Cardone Solari<\/li>\n\n\n\n<li>1983 Carmen Puelma Accorsi<\/li>\n\n\n\n<li>1984 Gloria Stanley Carbone<\/li>\n\n\n\n<li>1985 Marina de Navasal<\/li>\n\n\n\n<li>1986 Graciela Romero Pi\u00f1ero <\/li>\n\n\n\n<li>1987 Ada Mongillo Pescetto<\/li>\n\n\n\n<li>1988 Pilar Vergara Tagle<\/li>\n\n\n\n<li>1990 Marta S\u00e1nchez<\/li>\n\n\n\n<li>1992 Mercedes Ducci Budge <\/li>\n\n\n\n<li>1994 Ver\u00f3nica Lopez Helfmann\/Patricia Verdugo (en empate)<\/li>\n\n\n\n<li>1995 M\u00f3nica Cerda San Mart\u00edn <\/li>\n\n\n\n<li>1996 Mar\u00eda Eugenia De la Jara De Goyeneche<\/li>\n\n\n\n<li>1997 Gema Contreras Bustamante<\/li>\n\n\n\n<li>1998 Cecilia Serrano Gildemeister<\/li>\n\n\n\n<li>2001 Pilar Bernstein Rotger<\/li>\n\n\n\n<li>2010 Mar\u00eda Olga Delpiano P\u00e9rez Canto<\/li>\n\n\n\n<li>2014 Paula Escobar Chavarr\u00eda<\/li>\n\n\n\n<li>2015 Andrea Vial Herrera<\/li>\n\n\n\n<li>2016 M\u00f3nica Gonz\u00e1lez Mujica<\/li>\n\n\n\n<li>2017 Patricia Politzer Kerekes<\/li>\n\n\n\n<li>2018 Marcia Scantlebury Elizalde<\/li>\n\n\n\n<li>2019 Paulina de Allende-Salaza<\/li>\n\n\n\n<li>2020 Delia Vergara Larra\u00edn<\/li>\n\n\n\n<li>2021 Francisca Skoknic Galdames<\/li>\n\n\n\n<li>2023 Patricia Silva Espinosa<\/li>\n\n\n\n<li>2024 M\u00f3nica Rinc\u00f3n Gonz\u00e1lez<\/li>\n<\/ul>\n","protected":false},"excerpt":{"rendered":"<p>LISTA DE PERIODISTAS PREMIADAS:<\/p>\n","protected":false},"author":1,"featured_media":0,"parent":0,"menu_order":0,"comment_status":"closed","ping_status":"closed","template":"","meta":{"_kadence_starter_templates_imported_post":false,"_kad_post_transparent":"","_kad_post_title":"","_kad_post_layout":"","_kad_post_sidebar_id":"","_kad_post_content_style":"","_kad_post_vertical_padding":"","_kad_post_feature":"","_kad_post_feature_position":"","_kad_post_header":false,"_kad_post_footer":false,"footnotes":""},"class_list":["post-892","page","type-page","status-publish","hentry"],"_links":{"self":[{"href":"https:\/\/anmpe.cl\/index.php\/wp-json\/wp\/v2\/pages\/892","targetHints":{"allow":["GET"]}}],"collection":[{"href":"https:\/\/anmpe.cl\/index.php\/wp-json\/wp\/v2\/pages"}],"about":[{"href":"https:\/\/anmpe.cl\/index.php\/wp-json\/wp\/v2\/types\/page"}],"author":[{"embeddable":true,"href":"https:\/\/anmpe.cl\/index.php\/wp-json\/wp\/v2\/users\/1"}],"replies":[{"embeddable":true,"href":"https:\/\/anmpe.cl\/index.php\/wp-json\/wp\/v2\/comments?post=892"}],"version-history":[{"count":7,"href":"https:\/\/anmpe.cl\/index.php\/wp-json\/wp\/v2\/pages\/892\/revisions"}],"predecessor-version":[{"id":3110,"href":"https:\/\/anmpe.cl\/index.php\/wp-json\/wp\/v2\/pages\/892\/revisions\/3110"}],"wp:attachment":[{"href":"https:\/\/anmpe.cl\/index.php\/wp-json\/wp\/v2\/media?parent=892"}],"curies":[{"name":"wp","href":"https:\/\/api.w.org\/{rel}","templated":true}]}}